 4*v**2 - v**3. Let x be n(-7). Suppose -x*a - a + 36 = 0. What is the tens digit of a?
1
Suppose 3*i - 18 = 3*r, -3 = -4*r + 1. What is the units digit of i?
7
Suppose -d + 3*d - 454 = 2*i, -3*i - 12 = 0. What is the tens digit of d?
2
Suppose 4*n = 7*n + 69. Let j = 34 + n. What is the units digit of j?
1
Let x be (-8)/36 - 20/(-9). Suppose -x*s = s - 39. What is the tens digit of s?
1
Let s(q) = q - 6. Let r be s(4). Let l = r - -6. Suppose l + 0 = 4*g, -3*g + 30 = 3*d. What is the units digit of d?
9
Let b(w) be the second derivative of 1/20*w**5 - w - 1/2*w**2 + 0 - 1/3*w**3 + 7/12*w**4. What is the units digit of b(-7)?
3
Suppose -4*o = -6*o + 16. What is the units digit of o?
8
Suppose 1 = -2*s + 7. Suppose 0 = -5*r + s + 2. What is the tens digit of ((-20)/(-6))/(r/3)?
1
Suppose -4*x + 0*x = -k + 2, -9 = 4*k + x. What is the units digit of 21/6*(0 - k)?
7
Let x be (0*1/2)/(-2). Let d = -12 - x. What is the units digit of (-1 + 2/8)*d?
9
Let d = 4 - 0. Let v = d - -45. What is the units digit of v?
9
Suppose 0 = d + 4*d - 3*r - 16, -3*r - 6 = 0. Let j(s) = s**3 + 10*s**2 - s - 6. Let i be j(-10). Suppose -d = -i*a + 6. What is the units digit of a?
2
Suppose -5*g = -q - 20, -3 = g - q - 7. Suppose -g*s = s - 15. What is the units digit of (2 - s)/(1 - 2)?
1
Let c = 70 + -30. Suppose 4*q - c = -q. Suppose t - q + 4 = 0. What is the units digit of t?
4
Let q = 0 - -5. Suppose q + 4 = f. What is the units digit of f?
9
Let k(o) = o + 6. Let l be k(0). Let n(u) = -u**3 + 7*u**2 - 4*u + 1. Let v be n(l). Suppose 4*g = -2*i + 14, 2*i + 5*g - v = 1. What is the units digit of i?
7
Let i(k) = -11*k + 4. Let o(b) = -5*b + 2. Let r(t) = 6*i(t) - 13*o(t). What is the units digit of r(-3)?
1
Let p(g) = -5*g - 1. Let m = 5 - 8. What is the tens digit of p(m)?
1
Suppose -6*t = -2*t. Suppose t = 2*k - 11 - 33. What is the tens digit of k?
2
Let p = -48 + 80. Suppose -4*w + p = -5*c - 0*c, 5*w = 3*c + 27. Suppose -4*r + w = -1. What is the units digit of r?
1
Let t = 61 + 6. What is the tens digit of t?
6
Let i = 6 - 1. Suppose -95 = -0*t + i*t. Let j = 35 + t. What is the tens digit of j?
1
Suppose 2*m = -3*m + 10. Suppose -10 = -m*g + 2*u + 12, -12 = -g + 2*u. What is the tens digit of g?
1
Suppose 5*r + 248 - 1108 = 0. What is the hundreds digit of r?
1
Suppose 0*b + u = -3*b + 30, 4*b + 4*u = 40. What is the units digit of 125/b - (-3)/(-2)?
1
Suppose r + 5 = -2*x, 0*x - 3*x - 12 = 0. What is the units digit of r?
3
Suppose -2*f - 4 + 12 = 0. Let n(g) = g**3 - 4*g**2 + 3*g - 1. What is the units digit of n(f)?
1
Suppose -s + 0 - 3 = 0. Let t(h) = -2*h + 2. What is the units digit of t(s)?
8
Suppose -4 = i - 18. What is the units digit of i?
4
Let t be (-28)/2 - (-6)/(-3). Let a = t + 26. What is the units digit of a?
0
Let d = 0 + 11. What is the units digit of d?
1
Let r = 221 - 87. What is the units digit of r?
4
Let f = -877 - -1268. What is the units digit of f?
1
Let d = -12 - -5. Let j = 11 + d. Suppose -j*v + 30 = v. What is the units digit of v?
6
Let q(m) = 3*m - 5. Let o be q(4). Let y = 5 + -1. Suppose -5*a - o - 3 = -2*c, -y*c + 3*a = -34. What is the units digit of c?
0
Let m be (-1)/3*(-93 - 0). Suppose -4*t - m = -5*t. What is the tens digit of t?
3
Suppose 2*h = -0*h + 38. What is the units digit of h?
9
Suppose 0 = 2*z + 4*k - 44, 0 = -z - 3*k + 8 + 14. Let x = 30 + z. What is the tens digit of x?
5
Let s(f) be the first derivative of 5/2*f**2 - 1 - 1/3*f**3 - 2*f. What is the units digit of s(3)?
4
Let p(f) = 39*f**3 - f**2 + 3*f - 2. What is the units digit of p(1)?
9
Suppose 0 = -r - 2*j, -3*r - 4*j + 0 = 6. Let l(s) = -s**3 - 6*s**2 + s + 8. Let q be l(r). What is the units digit of 1*12/3*q?
8
Let s(j) = -j**3 + 19*j**2 - 18*j + 13. What is the units digit of s(18)?
3
Suppose -s = -3*b + 26 + 11, -2*s = -3*b + 41. What is the units digit of b?
1
Let c = 13 - 7. Let r = -2 - c. Let h(p) = p**2 + 7*p - 1. What is the units digit of h(r)?
7
Let u(c) = 32*c**2 - 2*c + 2. What is the tens digit of u(2)?
2
What is the tens digit of ((-2)/6)/(6/(-522))?
2
Suppose 11*p - 1351 + 295 = 0. What is the tens digit of p?
9
Let k(u) = u - 5. Let b(z) = 2*z**2 - z. Let d be b(-2). What is the units digit of k(d)?
5
Suppose -5*m + 63 = 4*r, 2*r = -3*r + 2*m + 87. What is the tens digit of r?
1
Suppose w - 51 = 3*s - 14, -10 = -2*s. What is the units digit of w?
2
Let n(d) = -12*d + 1. Let t be (3/3)/(-1 - 0). What is the units digit of n(t)?
3
Suppose -11 = -4*p + 5. Suppose 5*v = 20, -4*v = -0*a + p*a - 32. Let l = 7 - a. What is the units digit of l?
3
Let a(v) = -4*v - 1 - 1 + 6*v**2 - v**3 + 12*v + 9. Suppose -1 = -n - 2*y, -n - 3*y - 2*y - 8 = 0. What is the tens digit of a(n)?
1
Let k = -6 + 4. What is the units digit of k - (2 - (18 + -2))?
2
Suppose -3*b = -51 - 9. What is the tens digit of b?
2
Let f = -22 - -46. What is the units digit of f?
4
Let j(x) = 10*x - 11. Let b(h) = 29*h - 33. Let q(a) = 4*b(a) - 11*j(a). What is the units digit of q(6)?
5
Let x(n) = -n**2 + 10*n + 17. What is the tens digit of x(9)?
2
Suppose -12 = -4*r - 0*r. Let u(h) = -10*h + 1 + 6 - h**2 + r*h. What is the units digit of u(-7)?
7
Suppose -3*v = -4*g - 16, -5*v - 2*g + 11 = -7. Let f = -2 + v. Suppose 4*w - 2 - f = 0. What is the units digit of w?
1
Suppose 3*t = 8*t + 265. Let u = 90 + t. What is the tens digit of u?
3
What is the units digit of 2 - (-3)/(12/164)?
3
Let l(m) = -13*m + 38. What is the units digit of l(-14)?
0
Suppose -2*u - 86 = -2*j - 0*u, 0 = 4*j + 4*u - 172. What is the units digit of j?
3
Let i(c) = c**2 + 67. What is the units digit of i(0)?
7
Suppose -5 = -w + 16. What is the tens digit of w?
2
Let l = 6 - 1. Suppose d = -l + 22. What is the tens digit of d?
1
Let b(d) be the first derivative of -d**3/3 + d**2/2 + 3*d - 1. What is the units digit of b(0)?
3
Let w = -11 + 25. What is the tens digit of w?
1
Let t(a) be the third derivative of a**5/60 + a**4/8 - 4*a**3/3 - 3*a**2. What is the tens digit of t(-6)?
1
Suppose 3*m - 361 = -127. What is the units digit of m?
8
Let h = -23 + 46. What is the units digit of h?
3
Let l = 4 - 4. Let g be 0/(-2)*(1 - l). What is the units digit of (g - (-1)/1) + 1?
2
Suppose 2*f + 6 = 0, -3*c + 0*c - 3*f - 12 = 0. Let x(u) = 10*u**2 + 2*u + 1. What is the units digit of x(c)?
9
Let f(w) = w**3 - 3*w**2 + 3. Let j be f(3). Suppose -j*p + 4 = -p. Suppose -s + 40 = 5*b + 14, -b + p = -3*s. What is the units digit of b?
5
Let r(p) = 34*p - 2. Let c be r(3). What is the units digit of c/15 + (-2)/3?
6
Let k(m) = -m + 5. Suppose 4*h = 16, -5*h + 1 = -c - 3*h. Let y be k(c). What is the units digit of 0 - y - (2 - 7)?
7
Suppose l + 4*l - 3*c - 732 = 0, 0 = 4*l - 4*c - 592. Suppose -4*t + l = 5*q, 19 = t - 0*t - 3*q. What is the tens digit of t?
3
What is the units digit of (-3091)/(-11)*1*(-2)/(-2)?
1
What is the tens digit of (18/(-4) - 3)*102/(-9)?
8
Suppose -5*w - 30 + 10 = -5*i, -4 = -i - w. Suppose 0 = i*n - 5*y - 79, -5*n - 65 + 174 = 4*y. What is the tens digit of n?
2
Suppose 0 = -5*z + 228 + 102. What is the tens digit of z?
6
Let c be 3/6 + 227/2. Suppose 5*v = c - 24. What is the tens digit of v?
1
Let a = 216 - 46. What is the hundreds digit of a?
1
Suppose 4*l - 35 = 9. Suppose 3*y + 1 = 7. Suppose y*u = 5 + l. What is the units digit of u?
8
Suppose -3*g + 0*b + b + 1177 = 0, 4*g - 3*b - 1561 = 0. What is the hundreds digit of g?
3
Let k(f) = -8*f**2 - f**3 + 4*f + 3*f + 8 + 0*f**3. What is the units digit of k(-9)?
6
Let c(f) be the second derivative of f**3 + 0 - 1/2*f**2 + f. What is the units digit of c(1)?
5
Suppose 5*d = 10, 0 = 2*w - 0*d + 2*d - 14. Suppose -n = 5*l - 20, 4*l = w*l + 3*n - 4. What is the units digit of l?
4
Suppose -18 = -c - c. Let b be (10/(-6))/(-5)*c. Suppose k - b = 5. What is the units digit of k?
8
Let u = 1 - 2. Let f = 3 - u. Suppose -15 = p - f*p. What is the units digit of p?
5
Suppose -39 = -f - 2*f. Suppose -3*x + f = 1. Suppose 2*m = x*j - 84, -4*j + 56 = -j + 2*m. What is the tens digit of j?
2
Suppose 0 = 3*f - 9, q - 4*f = 3*q - 16. Suppose -4*y + 26 = -q*y. What is the units digit of y?
3
Suppose q + 5*q = 174. What is the tens digit of q?
2
Let y = 153 - 17. What is the tens digit of y?
3
Suppose -s - 5*v = 5, -7*s = -3*s - 2*v - 2. Suppose